{"id":841,"date":"2026-02-18T17:52:09","date_gmt":"2026-02-18T17:52:09","guid":{"rendered":"https:\/\/stall-schwark.de\/?page_id=841"},"modified":"2026-02-18T17:52:14","modified_gmt":"2026-02-18T17:52:14","slug":"therapie","status":"publish","type":"page","link":"https:\/\/stall-schwark.de\/?page_id=841","title":{"rendered":"Therapie"},"content":{"rendered":"<div class=\"\" style=\"\" >\n  \n    <section class=\"u-align-center u-clearfix u-container-align-center u-container-align-center-lg u-container-align-center-xl u-section-1\" id=\"block-1\">\n      <img decoding=\"async\" class=\"u-expanded-width u-image u-image-1\" src=\"https:\/\/stall-schwark.de\/wp-content\/uploads\/2026\/02\/Samosaea-Header-13-scaled.jpeg\" data-image-width=\"3165\" data-image-height=\"1780\">\n      <img decoding=\"async\" class=\"u-image u-image-contain u-image-default u-image-2\" src=\"https:\/\/stall-schwark.de\/wp-content\/uploads\/2026\/02\/Logo-2026-5.jpg\" alt=\"\" data-image-width=\"506\" data-image-height=\"641\" data-href=\"https:\/\/stall-schwark.de\/?page_id=843\" title=\"Stall Schwark\">\n    <\/section>\n    <section class=\"u-align-center u-clearfix u-section-2\" id=\"block-2\">\n      <div class=\"u-clearfix u-sheet u-valign-middle-lg u-valign-middle-md u-valign-middle-sm u-sheet-1\">\n        <h2 class=\"u-align-center u-text u-text-1\" data-animation-name=\"customAnimationIn\" data-animation-duration=\"1500\"><span style=\"font-size: 3rem;\">Therapeutisches Reiten - SAMOSAEA&nbsp; <\/span>\n          <br>\n        <\/h2>\n        <p class=\"u-align-left u-text u-text-2\">\n          <font><\/font> Beim therapeutischen Reiten <b>macht man sich das Medium Pferd zu Nutze <span style=\"font-weight: 400;\">und regt mit ihm die verschiedenen Sinne an<\/span><\/b>, was eine positive gesundheiltliche Entwicklung f\u00fcr die Menschen zur Folge hat<br><span style=\"font-weight: 700;\">Therapeutisches\n Reiten ist vief\u00e4ltig: <\/span>es umfasst p\u00e4dagogische, psychologische, psychotherapeutische, \nrehabilitative und sozial-integrative Ma\u00dfnahmen, die \u00fcber das Medium \nPferd umgesetzt werden. Zielgruppe sind Kinder, Jugendliche oder \nErwachsene mit k\u00f6rperlichen, seelischen und sozialen \nEntwicklungsst\u00f6rungen oder Behinderungen.<br>Fragen und Anmeldungen bitte an <br><span style=\"font-weight: 700;\">Steffi Schwark 0177-221 83 75<br><\/span>\n          <br><b>\n            <font>Integrationsreiten<\/font><\/b>\n          <font>\n            <br> Viele kennen den Begriff Integrations-Kindertagesst\u00e4tte, eine\n              Einrichtung in der behinderte und nichtbehinderte Kinder das Zusammenleben\n              miteinander erlernen.<br> Was ist nun aber \"Integrationsreiten\"? Eine neue Wortsch\u00f6pfung?\n              Eventuell ja, aber mit einem sehr ernsten und tiefgreifenden Hintergrund.Zielsetzung ist hierbei die Realisierung von Reitsportm\u00f6glichkeiten\n              f\u00fcr Behinderte in Gemeinschaft mit Reitsportlern, die ihrem\n              Hobby ohne behinderungsbedingte Einschr\u00e4nkungen nachgehen k\u00f6nnen.<br>\n          <\/font><span style=\"font-weight: 700;\">Integratives Reiten<\/span>\n          <br>Beim integrativen \nReiten stehen die sportliche Bet\u00e4tigung und Teilhabe am allgemeinen \nReitsport durch spezielle Hilfsmittel und Ausr\u00fcstungsgegenst\u00e4nde im \nMittelpunkt. Zentral sind die Freude an k\u00f6rperlicher Bet\u00e4tigung, die \nsoziale Integration und Einbindung und der Spa\u00df. Der Fokus liegt nicht \nauf einer Therapie.<br><b>Therapeutisches Reiten<\/b>\n          <br>Umfasst p\u00e4dagogische, psychologische, \npsychotherapeutische, rehabilitative und sozial-integrative Ma\u00dfnahmen, \ndie \u00fcber das Medium <a href=\"https:\/\/de.wikipedia.org\/wiki\/Reitpferd\" class=\"mw-redirect u-active-none u-border-none u-btn u-button-style u-hover-none u-none u-text-palette-1-base u-btn-1\" title=\"Reitpferd\">Pferd<\/a> umgesetzt werden. Zielgruppe sind Kinder, Jugendliche oder Erwachsene mit k\u00f6rperlichen, seelischen und sozialen <a href=\"https:\/\/de.wikipedia.org\/wiki\/Entwicklungsst%C3%B6rung\" class=\"mw-redirect u-active-none u-border-none u-btn u-button-style u-hover-none u-none u-text-palette-1-base u-btn-2\" title=\"Entwicklungsst\u00f6rung\">Entwicklungsst\u00f6rungen<\/a> oder <a href=\"https:\/\/de.wikipedia.org\/wiki\/Behinderung_(Sozialrecht)\" class=\"mw-redirect u-active-none u-border-none u-btn u-button-style u-hover-none u-none u-text-palette-1-base u-btn-3\" title=\"Behinderung (Sozialrecht)\">Behinderungen<\/a>. Dabei stehen Therapie und F\u00f6rderung im Mittelpunkt; reiterliche F\u00e4higkeiten sind dagegen eher nebens\u00e4chlich.<br><span style=\"font-weight: 700;\">Heilp\u00e4dagogisches Reiten<\/span>\n          <br>Die \nArbeit mit dem Medium Pferd und das Reiten sprechen den Menschen \nganzheitlich und \u00fcber alle Sinne an. Sie f\u00f6rdert k\u00f6rperlich, emotional, \ngeistig und sozial. Die Beziehung zum Pferd spielt im heilp\u00e4dagogischen \nReiten eine tragende Rolle. Die Fachkraft f\u00f6rdert im Beziehungsdreieck \n\u201eKlient-Pferd-Reittherapeut\u201c den konstruktiven Umgang miteinander. \nLernerfahrungen k\u00f6nnen auf die Gruppe \u00fcbertragen und ge\u00fcbt werden. \nPers\u00f6nliche und soziale Entwicklung ist das Ziel.\nIn der heilp\u00e4dagogischen F\u00f6rderung mit dem Pferd stehen basierend\n auf der Grunddisziplin der Heilp\u00e4dagogik soziointegrative, \nrehabilitative Verhaltensauff\u00e4lligkeiten bzw. Verhaltensst\u00f6rungen, \ngeistige und psychische Beeintr\u00e4chtigungen im Vordergrund.\nDie Umsetzung erfolgt durch den direkten Kontakt und Umgang mit \ndem Pferd, durch das Pflegen des Pferdes, durch \u00dcbungen am und auf dem \ngef\u00fchrten Pferd, durch Arbeit im Stall, mit einem Menschen oder in \nGruppenarbeit, f\u00fcr Fortgeschrittene beim Reiten und bei Projekten \n(Reiterspiele, Gel\u00e4ndereiten).<br>\n          <br>\n        <\/p>\n        <div class=\"custom-expanded u-list u-list-1\">\n          <div class=\"u-repeater u-repeater-1\">\n            <div class=\"u-align-left u-container-style u-image-round u-list-item u-radius-20 u-repeater-item u-shading u-list-item-1\" data-image-width=\"1014\" data-image-height=\"700\" data-animation-direction=\"Up\" data-animation-name=\"customAnimationIn\" data-animation-duration=\"1500\" data-animation-delay=\"250\">\n              <div class=\"u-container-layout u-similar-container u-valign-top-lg u-valign-top-sm u-valign-top-xl u-container-layout-1\">\n                <h4 class=\"u-align-center u-text u-text-3\"><span style=\"font-size: 1rem; text-decoration: underline !important;\">\n                    <a href=\"https:\/\/stall-schwark.de\/?page_id=837\" class=\"u-active-none u-border-none u-btn u-button-link u-button-style u-hover-none u-none u-text-white u-btn-4\" title=\"Samosaea\"><span style=\"font-size: 1.125rem;\">Samosaea<br>Historie<\/span>\n                    <\/a><\/span>\n                <\/h4>\n              <\/div>\n            <\/div>\n            <div class=\"u-align-left u-container-style u-image-round u-list-item u-radius-20 u-repeater-item u-shading u-video-cover u-list-item-2\" data-image-width=\"626\" data-image-height=\"417\" data-animation-direction=\"Up\" data-animation-name=\"customAnimationIn\" data-animation-duration=\"1500\" data-animation-delay=\"750\">\n              <div class=\"u-container-layout u-similar-container u-valign-top-lg u-valign-top-sm u-valign-top-xl u-container-layout-2\">\n                <h4 class=\"u-align-center u-text u-text-4\"><span style=\"font-size: 1.125rem; text-decoration: underline !important;\">REITVEREIN<br>Events<br><\/span>\n                <\/h4>\n              <\/div>\n            <\/div>\n            <div class=\"u-align-left u-container-style u-image-round u-list-item u-radius-20 u-repeater-item u-shading u-video-cover u-list-item-3\" data-image-width=\"1200\" data-image-height=\"1043\" data-animation-direction=\"Up\" data-animation-name=\"customAnimationIn\" data-animation-duration=\"1500\" data-animation-delay=\"250\">\n              <div class=\"u-container-layout u-similar-container u-valign-top-lg u-valign-top-sm u-valign-top-xl u-container-layout-3\">\n                <h4 class=\"u-align-center u-text u-text-5\"><span style=\"font-size: 1rem; text-decoration: underline !important;\">\n                    <a href=\"https:\/\/stall-schwark.de\/?page_id=836\" class=\"u-active-none u-border-none u-btn u-button-link u-button-style u-hover-none u-none u-text-white u-btn-5\" title=\"Reitschule\"><span style=\"font-size: 1.125rem;\">Reitschule<br>Unterricht<\/span>\n                    <\/a><\/span>\n                <\/h4>\n              <\/div>\n            <\/div>\n            <div class=\"u-align-left u-container-style u-image-round u-list-item u-radius-20 u-repeater-item u-shading u-video-cover u-list-item-4\" data-animation-name=\"customAnimationIn\" data-animation-duration=\"1500\" data-animation-delay=\"750\">\n              <div class=\"u-container-layout u-similar-container u-valign-top-lg u-valign-top-sm u-valign-top-xl u-container-layout-4\">\n                <h4 class=\"u-align-center u-text u-text-6\"><span style=\"font-size: 1rem; text-decoration: underline !important;\">\n                    <a href=\"https:\/\/stall-schwark.de\/?page_id=841\" class=\"u-active-none u-border-none u-btn u-button-link u-button-style u-hover-none u-none u-text-white u-btn-6\" title=\"Therapie\"><span style=\"font-size: 1.125rem;\">INKLUSION<br>Therapie<\/span>\n                    <\/a><\/span>\n                  <br>\n                <\/h4>\n              <\/div>\n            <\/div>\n            <div class=\"u-align-left u-container-style u-image-round u-list-item u-radius-20 u-repeater-item u-shading u-video-cover u-list-item-5\" data-animation-name=\"customAnimationIn\" data-animation-duration=\"1500\" data-animation-delay=\"750\">\n              <div class=\"u-container-layout u-similar-container u-valign-top-lg u-valign-top-sm u-valign-top-xl u-container-layout-5\">\n                <h4 class=\"u-align-center u-text u-text-7\"><span style=\"font-size: 1.125rem; text-decoration: underline !important;\">Pferde<\/span><span style=\"font-size: 1.25rem;\">\n                    <br><span style=\"text-decoration: underline !important; font-size: 1.125rem;\">boxen<\/span><\/span>\n                  <br>\n                <\/h4>\n              <\/div>\n            <\/div>\n            <div class=\"u-align-left u-container-style u-image-round u-list-item u-radius-20 u-repeater-item u-shading u-video-cover u-list-item-6\" data-animation-name=\"customAnimationIn\" data-animation-duration=\"1500\" data-animation-delay=\"750\">\n              <div class=\"u-container-layout u-similar-container u-valign-top-lg u-valign-top-sm u-valign-top-xl u-container-layout-6\">\n                <h4 class=\"u-align-center u-text u-text-8\"><span style=\"font-size: 0.75rem; text-decoration: underline !important;\" class=\"u-text-custom-color-1\">\n                    <a href=\"https:\/\/stall-schwark.de\/?page_id=844\" class=\"u-active-none u-border-none u-btn u-button-link u-button-style u-hover-none u-none u-text-white u-btn-7\" title=\"Landwirtschaft\"><span style=\"font-size: 1.125rem;\">Land<\/span>\n                    <\/a><\/span>\n                  <a href=\"https:\/\/stall-schwark.de\/?page_id=844\" class=\"u-active-none u-border-none u-btn u-button-link u-button-style u-hover-none u-none u-text-white u-btn-7\" title=\"Landwirtschaft\">\n                    <br>\n                  <\/a><span class=\"u-text-custom-color-1\" style=\"font-size: 1.25rem;\">\n                    <a href=\"https:\/\/stall-schwark.de\/?page_id=844\" class=\"u-active-none u-border-none u-btn u-button-link u-button-style u-hover-none u-none u-text-white u-btn-7\" title=\"Landwirtschaft\">Wirtschaft<\/a><\/span>\n                  <br>\n                <\/h4>\n              <\/div>\n            <\/div>\n          <\/div>\n        <\/div>\n      <\/div>\n    <\/section>\n    \n    \n    \n    \n  \n<\/div>","protected":false},"excerpt":{"rendered":"<p>Therapeutisches Reiten &#8211; SAMOSAEA&nbsp; Beim therapeutischen Reiten macht man sich das Medium Pferd zu Nutze und regt mit ihm die verschiedenen Sinne an, was eine positive gesundheiltliche Entwicklung f\u00fcr die Menschen zur Folge hatTherapeutisches Reiten ist vief\u00e4ltig: es umfasst p\u00e4dagogische, psychologische, psychotherapeutische, rehabilitative und sozial-integrative Ma\u00dfnahmen, die \u00fcber das Medium Pferd umgesetzt werden. Zielgruppe sind [&hellip;]<\/p>\n","protected":false},"author":1,"featured_media":0,"parent":0,"menu_order":6,"comment_status":"closed","ping_status":"closed","template":"","meta":{"footnotes":""},"class_list":["post-841","page","type-page","status-publish","hentry"],"_links":{"self":[{"href":"https:\/\/stall-schwark.de\/index.php?rest_route=\/wp\/v2\/pages\/841","targetHints":{"allow":["GET"]}}],"collection":[{"href":"https:\/\/stall-schwark.de\/index.php?rest_route=\/wp\/v2\/pages"}],"about":[{"href":"https:\/\/stall-schwark.de\/index.php?rest_route=\/wp\/v2\/types\/page"}],"author":[{"embeddable":true,"href":"https:\/\/stall-schwark.de\/index.php?rest_route=\/wp\/v2\/users\/1"}],"replies":[{"embeddable":true,"href":"https:\/\/stall-schwark.de\/index.php?rest_route=%2Fwp%2Fv2%2Fcomments&post=841"}],"version-history":[{"count":1,"href":"https:\/\/stall-schwark.de\/index.php?rest_route=\/wp\/v2\/pages\/841\/revisions"}],"predecessor-version":[{"id":851,"href":"https:\/\/stall-schwark.de\/index.php?rest_route=\/wp\/v2\/pages\/841\/revisions\/851"}],"wp:attachment":[{"href":"https:\/\/stall-schwark.de\/index.php?rest_route=%2Fwp%2Fv2%2Fmedia&parent=841"}],"curies":[{"name":"wp","href":"https:\/\/api.w.org\/{rel}","templated":true}]}}